{"version":"1.0","provider_name":"PodcastBenelux","provider_url":"https:\/\/podcastbenelux.be","author_name":"Radio Benelux","author_url":"https:\/\/podcastbenelux.be\/index.php\/author\/radio-benelux\/","title":"Innertiatief met Gwenda Beutels - PodcastBenelux","type":"rich","width":600,"height":338,"html":"<blockquote class=\"wp-embedded-content\" data-secret=\"jNqcK2cKGy\"><a href=\"https:\/\/podcastbenelux.be\/index.php\/2024\/03\/29\/innertiatief-met-gwenda-beutels\/\">Innertiatief met Gwenda Beutels<\/a><\/blockquote><iframe sandbox=\"allow-scripts\" security=\"restricted\" src=\"https:\/\/podcastbenelux.be\/index.php\/2024\/03\/29\/innertiatief-met-gwenda-beutels\/embed\/#?secret=jNqcK2cKGy\" width=\"600\" height=\"338\" title=\"&#8220;Innertiatief met Gwenda Beutels&#8221; &#8212; PodcastBenelux\" data-secret=\"jNqcK2cKGy\" frameborder=\"0\" marginwidth=\"0\" marginheight=\"0\" scrolling=\"no\" class=\"wp-embedded-content\"><\/iframe><script type=\"text\/javascript\">\n\/* <![CDATA[ *\/\n\/*! This file is auto-generated *\/\n!function(d,l){\"use strict\";l.querySelector&&d.addEventListener&&\"undefined\"!=typeof URL&&(d.wp=d.wp||{},d.wp.receiveEmbedMessage||(d.wp.receiveEmbedMessage=function(e){var t=e.data;if((t||t.secret||t.message||t.value)&&!\/[^a-zA-Z0-9]\/.test(t.secret)){for(var s,r,n,a=l.querySelectorAll('iframe[data-secret=\"'+t.secret+'\"]'),o=l.querySelectorAll('blockquote[data-secret=\"'+t.secret+'\"]'),c=new RegExp(\"^https?:$\",\"i\"),i=0;i<o.length;i++)o[i].style.display=\"none\";for(i=0;i<a.length;i++)s=a[i],e.source===s.contentWindow&&(s.removeAttribute(\"style\"),\"height\"===t.message?(1e3<(r=parseInt(t.value,10))?r=1e3:~~r<200&&(r=200),s.height=r):\"link\"===t.message&&(r=new URL(s.getAttribute(\"src\")),n=new URL(t.value),c.test(n.protocol))&&n.host===r.host&&l.activeElement===s&&(d.top.location.href=t.value))}},d.addEventListener(\"message\",d.wp.receiveEmbedMessage,!1),l.addEventListener(\"DOMContentLoaded\",function(){for(var e,t,s=l.querySelectorAll(\"iframe.wp-embedded-content\"),r=0;r<s.length;r++)(t=(e=s[r]).getAttribute(\"data-secret\"))||(t=Math.random().toString(36).substring(2,12),e.src+=\"#?secret=\"+t,e.setAttribute(\"data-secret\",t)),e.contentWindow.postMessage({message:\"ready\",secret:t},\"*\")},!1)))}(window,document);\n\/\/# sourceURL=https:\/\/podcastbenelux.be\/wp-includes\/js\/wp-embed.min.js\n\/* ]]> *\/\n<\/script>\n","thumbnail_url":"https:\/\/podcastbenelux.be\/wp-content\/uploads\/2024\/01\/innertiatief.jpg","thumbnail_width":250,"thumbnail_height":250,"description":"Deze vrijdag waren de rollen omgekeerd, want voor \u00e9\u00e9n keer zat ikzelf op de gastenstoel en werd ik ge\u00efnterviewd door Erika (mijn zus). Benieuwd wat ik allemaal te vertellen heb? Luister dan naar deze podcast."}

Deze vrijdag waren de rollen omgekeerd, want voor één keer zat ikzelf op de gastenstoel en werd ik geïnterviewd door Erika (mijn zus). Benieuwd wat ik allemaal te vertellen heb? Luister dan naar deze podcast.
